f 19?
True
Does 25 divide 2470?
False
Is 6890 a multiple of 53?
True
Does 13 divide 38886?
False
Is 160 a multiple of 10?
True
Is 3399 a multiple of 33?
True
Is 65 a factor of 3961?
False
Is 12 a factor of 816?
True
Does 45 divide 720?
True
Is 118 a factor of 33594?
False
Does 150 divide 19500?
True
Is 121 a factor of 6279?
False
Is 6 a factor of 288?
True
Does 313 divide 33491?
True
Is 68 a factor of 4556?
True
Is 2 a factor of 855?
False
Does 38 divide 1292?
True
Is 32 a factor of 320?
True
Is 2660 a multiple of 20?
True
Is 18 a factor of 610?
False
Does 89 divide 3204?
True
Is 11990 a multiple of 22?
True
Does 33 divide 18880?
False
Does 43 divide 17114?
True
Is 8 a factor of 186?
False
Is 9 a factor of 989?
False
Does 108 divide 2750?
False
Is 30492 a multiple of 14?
True
Is 130 a multiple of 2?
True
Is 12 a factor of 6247?
False
Is 12 a factor of 1222?
False
Is 136 a factor of 33728?
True
Does 16 divide 1167?
False
Does 6 divide 195?
False
Is 13 a factor of 24622?
True
Does 14 divide 5012?
True
Is 6 a factor of 186?
True
Does 7 divide 5607?
True
Is 2212 a multiple of 28?
True
Does 5 divide 6038?
False
Is 7 a factor of 4096?
False
Does 53 divide 318?
True
Is 2 a factor of 26?
True
Is 34 a factor of 8802?
False
Is 17778 a multiple of 16?
False
Is 2516 a multiple of 91?
False
Does 27 divide 3723?
False
Is 1972 a multiple of 58?
True
Is 1504 a multiple of 13?
False
Is 26 a factor of 702?
True
Is 1850 a multiple of 27?
False
Does 50 divide 48450?
True
Does 44 divide 5034?
False
Does 247 divide 97318?
True
Does 94 divide 2368?
False
Is 8036 a multiple of 23?
False
Is 1264 a multiple of 79?
True
Does 139 divide 834?
True
Is 3455 a multiple of 5?
True
Is 44 a multiple of 9?
False
Is 35 a factor of 2107?
False
Does 11 divide 14022?
False
Is 7 a factor of 39?
False
Is 145 a factor of 17110?
True
Does 52 divide 963?
False
Is 8 a factor of 166?
False
Does 18 divide 558?
True
Does 76 divide 3938?
False
Is 6532 a multiple of 71?
True
Is 43 a factor of 15222?
True
Is 21 a multiple of 7?
True
Is 14 a factor of 16085?
False
Is 91 a factor of 24577?
False
Is 17 a factor of 3385?
False
Is 128 a factor of 14709?
False
Does 7 divide 252?
True
Does 12 divide 3432?
True
Is 20555 a multiple of 23?
False
Does 114 divide 9576?
True
Is 40799 a multiple of 14?
False
Is 1776 a multiple of 24?
True
Is 39 a factor of 2329?
False
Does 95 divide 185?
False
Is 6285 a multiple of 14?
False
Is 32 a factor of 1984?
True
Is 74 a factor of 222?
True
Does 224 divide 10752?
True
Is 85 a multiple of 23?
False
Does 107 divide 2247?
True
Is 15594 a multiple of 8?
False
Is 13 a factor of 26?
True
Does 6 divide 47?
False
Does 6 divide 1283?
False
Does 215 divide 2165?
False
Does 14 divide 22358?
True
Is 35 a factor of 74242?
False
Does 7 divide 588?
True
Does 27 divide 1496?
False
Is 31640 a multiple of 20?
True
Is 101 a factor of 91809?
True
Is 7 a factor of 1818?
False
Is 5 a factor of 27208?
False
Is 88 a factor of 537?
False
Is 9159 a multiple of 129?
True
Is 48872 a multiple of 109?
False
Is 20237 a multiple of 59?
True
Is 10640 a multiple of 19?
True
Is 1890 a multiple of 54?
True
Does 5 divide 390?
True
Is 3132 a multiple of 12?
True
Does 50 divide 14220?
False
Does 27 divide 8466?
False
Is 17010 a multiple of 90?
True
Is 18 a factor of 9600?
False
Is 15168 a multiple of 31?
False
Is 8 a factor of 245?
False
Is 4505 a multiple of 85?
True
Does 26 divide 15801?
False
Does 25 divide 72561?
False
Does 42 divide 32970?
True
Is 9 a factor of 13239?
True
Is 49 a factor of 7889?
True
Does 13 divide 472?
False
Is 249 a multiple of 83?
True
Does 12 divide 864?
True
Is 6 a factor of 1060?
False
Does 8 divide 5344?
True
Is 30 a factor of 9161?
False
Is 2 a factor of 624?
True
Is 9327 a multiple of 167?
False
Is 1425 a multiple of 75?
True
Is 12 a factor of 2952?
True
Is 53 a factor of 636?
True
Does 16 divide 2128?
True
Is 10 a factor of 347?
False
Is 2 a factor of 624?
True
Does 21 divide 27921?
False
Is 27 a factor of 51?
False
Is 49 a factor of 11725?
False
Does 132 divide 15972?
True
Is 476 a multiple of 7?
True
Is 10 a factor of 5350?
True
Is 13 a factor of 1827?
False
Is 18 a factor of 13912?
False
Is 3726 a multiple of 46?
True
Is 94 a factor of 9556?
False
Is 2807 a multiple of 7?
True
Is 15 a factor of 6735?
True
Does 28 divide 1064?
True
Is 42 a multiple of 6?
True
Is 40 a factor of 3480?
True
Is 9 a factor of 2880?
True
Is 33 a factor of 1128?
False
Is 73 a factor of 654?
False
Does 16 divide 5789?
False
Is 42 a factor of 22853?
False
Does 42 divide 12852?
True
Does 36 divide 3768?
False
Is 1113 a multiple of 13?
False
Is 12 a factor of 53944?
False
Does 13 divide 72173?
False
Is 22 a factor of 22911?
False
Is 169086 a multiple of 213?
False
Is 20 a factor of 14630?
False
Does 63 divide 1260?
True
Is 54 a factor of 486?
True
Is 10 a factor of 6230?
True
Does 4 divide 703?
False
Is 348 a multiple of 29?
True
Is 128 a multiple of 3?
False
Is 4 a factor of 772?
True
Does 24 divide 971?
False
Is 89350 a multiple of 37?
False
Is 81 a factor of 2673?
True
Is 720 a multiple of 14?
False
Is 2336 a multiple of 73?
True
Does 9 divide 323?
False
Is 5715 a multiple of 127?
True
Does 8 divide 28376?
True
Is 179 a factor of 12113?
False
Is 1195 even?
False
Is 840 a multiple of 30?
True
Is 9837 a multiple of 13?
False
Does 4 divide 360?
True
Is 1419 a multiple of 129?
True
Does 46 divide 805?
False
Does 19 divide 1419?
False
Is 714 a multiple of 51?
True
Does 15 divide 2728?
False
Is 23031 a multiple of 290?
False
Is 8 a factor of 2766?
False
Does 3 divide 304?
False
Is 98978 a multiple of 22?
True
Does 126 divide 481?
False
Is 20 a factor of 98740?
True
Is 5 a factor of 3700?
True
Is 4620 a multiple of 14?
True
Is 8 a factor of 1254?
False
Does 19 divide 4052?
False
Is 770 a multiple of 13?
False
Is 10949 a multiple of 11?
False
Is 702 a multiple of 54?
True
Does 57 divide 2353?
False
Does 10 divide 1052?
False
Does 9 divide 233?
False
Is 58 a factor of 232?
True
Is 2392 a multiple of 4?
True
Is 68 a factor of 524?
False
Does 17 divide 24089?
True
Is 13 a factor of 4735?
False
Is 18 a factor of 612?
True
Does 14 divide 4743?
False
Is 264 a multiple of 8?
True
Is 116100 a multiple of 172?
True
Does 9 divide 207?
True
Is 27 a factor of 19180?
False
Does 98 divide 781?
False
Is 798 a multiple of 57?
True
Does 12 divide 2748?
True
Is 17 a factor of 14467?
True
Is 40 a factor of 4123?
False
Is 2493 a multiple of 30?
False
Does 6 divide 689?
False
Does 16 divide 6323?
False
Is 1577 a multiple of 12?
False
Is 290 a multiple of 10?
True
Does 26 divide 4238?
True
Is 838 a multiple of 7?
False
Is 6 a factor of 126?
True
Is 11 a factor of 507?
False
Is 42316 a multiple of 284?
True
Is 34 a factor of 4701?
False
Does 240 divide 9075?
False
Is 14332 a multiple of 6?
False
Is 1219 a multiple of 17?
False
Is 10 a factor of 1154?
False
Is 31 a factor of 7037?
True
Is 2687 a multiple of 8?
False
Is 7 a factor of 20645?
False
Does 5 divide 16?
False
Is 77 a factor of 2934?
False
Is 52 a multiple of 13?
True
Is 2547 a multiple of 14?
False
Does 13 divide 986?
False
Is 2 a factor of 268?
True
Does 17 divide 493?
True
Is 7294 a multiple of 12?
False
Does 107 divide 1605?
True
Does 251 divide 47895?
False
Does 19 divide 734?
False
Is 2274 a multiple of 171?
False
Is 2232 a multiple of 93?
True
Is 48 a factor of 6534?
False
Is 106 a factor of 670?
False
Is 11902 a multiple of 12?
False
Is 198 a multiple of 11?
True
Is 61 a factor of 5002?
True
Does 275 divide 46200?
True
Is 2 a factor of 332?
True
Does 114 divide 1824?
True
Is 77 a factor of 35882?
True
Is 18 a factor of 827?
False
Is 2430 a multiple of 21?
False
Is 4766 a multiple of 2?
True
Is 15 a factor of 73515?
True
Is 9213 a multiple of 37?
True
Is 56 a factor of 7280?
True
Does 71 divide 919?
False
Does 9 divide 10323?
True
Is 504 a multiple of 63?
True
Does 69 divide 3891?
False
Is 17763 a multiple of 93?
True
Does 12 divide 5067?
False
Is 5200 a multiple of 26?
True
Is 10 a factor of 4060?
True
Does 18 divide 3654?
True
Does 4 divide 154?
False
Is 21269 a multiple of 147?
False
Is 13 a factor of 13312?
True
Does 32 divide 4736?
True
Is 1260 a multiple of 13?
False
Is 10147 a multiple of 139?
True
Does 22 divide 660?
True
Does 30 divide 9660?
True
I